{"id":46,"date":"2016-08-31T19:31:29","date_gmt":"2016-08-31T17:31:29","guid":{"rendered":"http:\/\/www.antiquariat-fritzen.com\/de\/?page_id=46"},"modified":"2024-03-05T19:47:03","modified_gmt":"2024-03-05T18:47:03","slug":"kataloge-und-messen","status":"publish","type":"page","link":"https:\/\/www.antiquariat-fritzen.com\/de\/kataloge-und-messen\/","title":{"rendered":"Kataloge und Messen"},"content":{"rendered":"<p>[et_pb_section fb_built=&#8220;1&#8243; admin_label=&#8220;section&#8220; _builder_version=&#8220;4.16&#8243; global_colors_info=&#8220;{}&#8220;][et_pb_row admin_label=&#8220;row&#8220; _builder_version=&#8220;4.16&#8243; background_size=&#8220;initial&#8220; background_position=&#8220;top_left&#8220; background_repeat=&#8220;repeat&#8220; global_colors_info=&#8220;{}&#8220;][et_pb_column type=&#8220;4_4&#8243; _builder_version=&#8220;4.16&#8243; custom_padding=&#8220;|||&#8220; global_colors_info=&#8220;{}&#8220; custom_padding__hover=&#8220;|||&#8220;][et_pb_text admin_label=&#8220;Text: (H1) Kataloge und Messen&#8220; _builder_version=&#8220;4.24.0&#8243; background_size=&#8220;initial&#8220; background_position=&#8220;top_left&#8220; background_repeat=&#8220;repeat&#8220; text_orientation=&#8220;center&#8220; module_alignment=&#8220;center&#8220; use_border_color=&#8220;off&#8220; border_color=&#8220;#ffffff&#8220; border_style=&#8220;solid&#8220; global_colors_info=&#8220;{}&#8220;]<\/p>\n<h1>Kataloge und Messen<\/h1>\n<p>[\/et_pb_text][\/et_pb_column][\/et_pb_row][et_pb_row column_structure=&#8220;1_2,1_2&#8243; admin_label=&#8220;Zeile&#8220; _builder_version=&#8220;4.16&#8243; background_size=&#8220;initial&#8220; background_position=&#8220;top_left&#8220; background_repeat=&#8220;repeat&#8220; global_colors_info=&#8220;{}&#8220;][et_pb_column type=&#8220;1_2&#8243; _builder_version=&#8220;4.16&#8243; custom_padding=&#8220;|||&#8220; global_colors_info=&#8220;{}&#8220; custom_padding__hover=&#8220;|||&#8220;][et_pb_image src=&#8220;https:\/\/www.antiquariat-fritzen.com\/de\/wp-content\/uploads\/antiquariat-fritzen_kataloge-und-messen.jpg&#8220; alt=&#8220;Antiquariat Fritzen &#8211; Kataloge und Messen&#8220; title_text=&#8220;Antiquariat Fritzen &#8211; Kataloge und Messen&#8220; show_in_lightbox=&#8220;on&#8220; align_tablet=&#8220;center&#8220; align_phone=&#8220;center&#8220; align_last_edited=&#8220;on|desktop&#8220; admin_label=&#8220;Bild: Katalog &#038; Messen&#8220; _builder_version=&#8220;4.24.0&#8243; animation_style=&#8220;slide&#8220; animation_direction=&#8220;left&#8220; animation_duration=&#8220;500ms&#8220; animation_intensity_slide=&#8220;10%&#8220; use_border_color=&#8220;off&#8220; border_color=&#8220;#ffffff&#8220; border_style=&#8220;solid&#8220; animation=&#8220;left&#8220; sticky=&#8220;off&#8220; always_center_on_mobile=&#8220;on&#8220; global_colors_info=&#8220;{}&#8220;][\/et_pb_image][\/et_pb_column][et_pb_column type=&#8220;1_2&#8243; _builder_version=&#8220;4.16&#8243; custom_padding=&#8220;|||&#8220; global_colors_info=&#8220;{}&#8220; custom_padding__hover=&#8220;|||&#8220;][et_pb_text admin_label=&#8220;Text: Kataloge und Messen&#8220; _builder_version=&#8220;4.24.0&#8243; background_size=&#8220;initial&#8220; background_position=&#8220;top_left&#8220; background_repeat=&#8220;repeat&#8220; use_border_color=&#8220;off&#8220; border_color=&#8220;#ffffff&#8220; border_style=&#8220;solid&#8220; global_colors_info=&#8220;{}&#8220;]<\/p>\n<p>Eine Auswahl meines Bestandes finden Sie auf <a href=\"https:\/\/www.abebooks.de\/antiquariat-peter-fritzen-trier\/53219699\/sf\" target=\"_blank\" rel=\"noopener\">Abebooks.com<\/a><\/p>\n<p>Neueing\u00e4nge werden nicht zuerst im Internet angeboten, sondern werden den Kunden als Vorzugsangebote in Katalogform pr\u00e4sentiert.<\/p>\n<p>Falls Sie diese erhalten m\u00f6chten, lassen Sie mir bitte eine <a href=\"mailto:antiquariat-fritzen@t-online.de\">mail<\/a> zukommen.<\/p>\n<p>[\/et_pb_text][\/et_pb_column][\/et_pb_row][et_pb_row admin_label=&#8220;Zeile&#8220; _builder_version=&#8220;4.16&#8243; background_size=&#8220;initial&#8220; background_position=&#8220;top_left&#8220; background_repeat=&#8220;repeat&#8220; global_colors_info=&#8220;{}&#8220;][et_pb_column type=&#8220;4_4&#8243; _builder_version=&#8220;4.16&#8243; custom_padding=&#8220;|||&#8220; global_colors_info=&#8220;{}&#8220; custom_padding__hover=&#8220;|||&#8220;][et_pb_text admin_label=&#8220;Text: Im Regelfall stellen wir auf der Antiquariatsmesse in Stuttgart, sowie auf der Kunst- und Antiquit\u00e4tenmesse in Luxemburg aus.&#8220; _builder_version=&#8220;4.24.0&#8243; background_size=&#8220;initial&#8220; background_position=&#8220;top_left&#8220; background_repeat=&#8220;repeat&#8220; use_border_color=&#8220;off&#8220; border_color=&#8220;#ffffff&#8220; border_style=&#8220;solid&#8220; global_colors_info=&#8220;{}&#8220;]Im Regelfall stellen wir auf der Antiquariatsmesse in Stuttgart, sowie auf der Kunst- und Antiquit\u00e4tenmesse in Luxemburg aus.[\/et_pb_text][et_pb_gallery gallery_ids=&#8220;778,779,780,781,782,783,784,785,786,787,788,789,790&#8243; posts_number=&#8220;13&#8243; show_title_and_caption=&#8220;off&#8220; show_pagination=&#8220;off&#8220; admin_label=&#8220;Galerie: Kataloge und Messen&#8220; _builder_version=&#8220;4.24.0&#8243; use_border_color=&#8220;off&#8220; border_color=&#8220;#ffffff&#8220; border_style=&#8220;solid&#8220; global_colors_info=&#8220;{}&#8220;][\/et_pb_gallery][\/et_pb_column][\/et_pb_row][\/et_pb_section]<\/p>\n","protected":false},"excerpt":{"rendered":"<p>Kataloge und Messen Eine Auswahl meines Bestandes finden Sie auf Abebooks.com Neueing\u00e4nge werden nicht zuerst im Internet angeboten, sondern werden den Kunden als Vorzugsangebote in Katalogform pr\u00e4sentiert. Falls Sie diese erhalten m\u00f6chten, lassen Sie mir bitte eine mail zukommen.Im Regelfall stellen wir auf der Antiquariatsmesse in Stuttgart, sowie auf der Kunst- und Antiquit\u00e4tenmesse in Luxemburg [&hellip;]<\/p>\n","protected":false},"author":1,"featured_media":0,"parent":0,"menu_order":0,"comment_status":"closed","ping_status":"closed","template":"","meta":{"_et_pb_use_builder":"on","_et_pb_old_content":"","_et_gb_content_width":"","footnotes":""},"class_list":["post-46","page","type-page","status-publish","hentry"],"yoast_head":"<!-- This site is optimized with the Yoast SEO plugin v27.4 - https:\/\/yoast.com\/product\/yoast-seo-wordpress\/ -->\n<title>Kataloge und Messen - Peter Fritzen<\/title>\n<meta name=\"robots\" content=\"index, follow, max-snippet:-1, max-image-preview:large, max-video-preview:-1\" \/>\n<link rel=\"canonical\" href=\"https:\/\/www.antiquariat-fritzen.com\/de\/kataloge-und-messen\/\" \/>\n<meta property=\"og:locale\" content=\"de_DE\" \/>\n<meta property=\"og:type\" content=\"article\" \/>\n<meta property=\"og:title\" content=\"Kataloge und Messen - Peter Fritzen\" \/>\n<meta property=\"og:description\" content=\"Kataloge und Messen Eine Auswahl meines Bestandes finden Sie auf Abebooks.com Neueing\u00e4nge werden nicht zuerst im Internet angeboten, sondern werden den Kunden als Vorzugsangebote in Katalogform pr\u00e4sentiert. Falls Sie diese erhalten m\u00f6chten, lassen Sie mir bitte eine mail zukommen.Im Regelfall stellen wir auf der Antiquariatsmesse in Stuttgart, sowie auf der Kunst- und Antiquit\u00e4tenmesse in Luxemburg [&hellip;]\" \/>\n<meta property=\"og:url\" content=\"https:\/\/www.antiquariat-fritzen.com\/de\/kataloge-und-messen\/\" \/>\n<meta property=\"og:site_name\" content=\"Peter Fritzen\" \/>\n<meta property=\"article:modified_time\" content=\"2024-03-05T18:47:03+00:00\" \/>\n<meta name=\"twitter:card\" content=\"summary_large_image\" \/>\n<meta name=\"twitter:label1\" content=\"Gesch\u00e4tzte Lesezeit\" \/>\n\t<meta name=\"twitter:data1\" content=\"4\u00a0Minuten\" \/>\n<script type=\"application\/ld+json\" class=\"yoast-schema-graph\">{\"@context\":\"https:\\\/\\\/schema.org\",\"@graph\":[{\"@type\":\"WebPage\",\"@id\":\"https:\\\/\\\/www.antiquariat-fritzen.com\\\/de\\\/kataloge-und-messen\\\/\",\"url\":\"https:\\\/\\\/www.antiquariat-fritzen.com\\\/de\\\/kataloge-und-messen\\\/\",\"name\":\"Kataloge und Messen - Peter Fritzen\",\"isPartOf\":{\"@id\":\"https:\\\/\\\/www.antiquariat-fritzen.com\\\/de\\\/#website\"},\"datePublished\":\"2016-08-31T17:31:29+00:00\",\"dateModified\":\"2024-03-05T18:47:03+00:00\",\"breadcrumb\":{\"@id\":\"https:\\\/\\\/www.antiquariat-fritzen.com\\\/de\\\/kataloge-und-messen\\\/#breadcrumb\"},\"inLanguage\":\"de\",\"potentialAction\":[{\"@type\":\"ReadAction\",\"target\":[\"https:\\\/\\\/www.antiquariat-fritzen.com\\\/de\\\/kataloge-und-messen\\\/\"]}]},{\"@type\":\"BreadcrumbList\",\"@id\":\"https:\\\/\\\/www.antiquariat-fritzen.com\\\/de\\\/kataloge-und-messen\\\/#breadcrumb\",\"itemListElement\":[{\"@type\":\"ListItem\",\"position\":1,\"name\":\"Startseite\",\"item\":\"https:\\\/\\\/www.antiquariat-fritzen.com\\\/de\\\/\"},{\"@type\":\"ListItem\",\"position\":2,\"name\":\"Kataloge und Messen\"}]},{\"@type\":\"WebSite\",\"@id\":\"https:\\\/\\\/www.antiquariat-fritzen.com\\\/de\\\/#website\",\"url\":\"https:\\\/\\\/www.antiquariat-fritzen.com\\\/de\\\/\",\"name\":\"Peter Fritzen\",\"description\":\"Antiquariat\",\"potentialAction\":[{\"@type\":\"SearchAction\",\"target\":{\"@type\":\"EntryPoint\",\"urlTemplate\":\"https:\\\/\\\/www.antiquariat-fritzen.com\\\/de\\\/?s={search_term_string}\"},\"query-input\":{\"@type\":\"PropertyValueSpecification\",\"valueRequired\":true,\"valueName\":\"search_term_string\"}}],\"inLanguage\":\"de\"}]}<\/script>\n<!-- \/ Yoast SEO plugin. -->","yoast_head_json":{"title":"Kataloge und Messen - Peter Fritzen","robots":{"index":"index","follow":"follow","max-snippet":"max-snippet:-1","max-image-preview":"max-image-preview:large","max-video-preview":"max-video-preview:-1"},"canonical":"https:\/\/www.antiquariat-fritzen.com\/de\/kataloge-und-messen\/","og_locale":"de_DE","og_type":"article","og_title":"Kataloge und Messen - Peter Fritzen","og_description":"Kataloge und Messen Eine Auswahl meines Bestandes finden Sie auf Abebooks.com Neueing\u00e4nge werden nicht zuerst im Internet angeboten, sondern werden den Kunden als Vorzugsangebote in Katalogform pr\u00e4sentiert. Falls Sie diese erhalten m\u00f6chten, lassen Sie mir bitte eine mail zukommen.Im Regelfall stellen wir auf der Antiquariatsmesse in Stuttgart, sowie auf der Kunst- und Antiquit\u00e4tenmesse in Luxemburg [&hellip;]","og_url":"https:\/\/www.antiquariat-fritzen.com\/de\/kataloge-und-messen\/","og_site_name":"Peter Fritzen","article_modified_time":"2024-03-05T18:47:03+00:00","twitter_card":"summary_large_image","twitter_misc":{"Gesch\u00e4tzte Lesezeit":"4\u00a0Minuten"},"schema":{"@context":"https:\/\/schema.org","@graph":[{"@type":"WebPage","@id":"https:\/\/www.antiquariat-fritzen.com\/de\/kataloge-und-messen\/","url":"https:\/\/www.antiquariat-fritzen.com\/de\/kataloge-und-messen\/","name":"Kataloge und Messen - Peter Fritzen","isPartOf":{"@id":"https:\/\/www.antiquariat-fritzen.com\/de\/#website"},"datePublished":"2016-08-31T17:31:29+00:00","dateModified":"2024-03-05T18:47:03+00:00","breadcrumb":{"@id":"https:\/\/www.antiquariat-fritzen.com\/de\/kataloge-und-messen\/#breadcrumb"},"inLanguage":"de","potentialAction":[{"@type":"ReadAction","target":["https:\/\/www.antiquariat-fritzen.com\/de\/kataloge-und-messen\/"]}]},{"@type":"BreadcrumbList","@id":"https:\/\/www.antiquariat-fritzen.com\/de\/kataloge-und-messen\/#breadcrumb","itemListElement":[{"@type":"ListItem","position":1,"name":"Startseite","item":"https:\/\/www.antiquariat-fritzen.com\/de\/"},{"@type":"ListItem","position":2,"name":"Kataloge und Messen"}]},{"@type":"WebSite","@id":"https:\/\/www.antiquariat-fritzen.com\/de\/#website","url":"https:\/\/www.antiquariat-fritzen.com\/de\/","name":"Peter Fritzen","description":"Antiquariat","potentialAction":[{"@type":"SearchAction","target":{"@type":"EntryPoint","urlTemplate":"https:\/\/www.antiquariat-fritzen.com\/de\/?s={search_term_string}"},"query-input":{"@type":"PropertyValueSpecification","valueRequired":true,"valueName":"search_term_string"}}],"inLanguage":"de"}]}},"_links":{"self":[{"href":"https:\/\/www.antiquariat-fritzen.com\/de\/wp-json\/wp\/v2\/pages\/46","targetHints":{"allow":["GET"]}}],"collection":[{"href":"https:\/\/www.antiquariat-fritzen.com\/de\/wp-json\/wp\/v2\/pages"}],"about":[{"href":"https:\/\/www.antiquariat-fritzen.com\/de\/wp-json\/wp\/v2\/types\/page"}],"author":[{"embeddable":true,"href":"https:\/\/www.antiquariat-fritzen.com\/de\/wp-json\/wp\/v2\/users\/1"}],"replies":[{"embeddable":true,"href":"https:\/\/www.antiquariat-fritzen.com\/de\/wp-json\/wp\/v2\/comments?post=46"}],"version-history":[{"count":10,"href":"https:\/\/www.antiquariat-fritzen.com\/de\/wp-json\/wp\/v2\/pages\/46\/revisions"}],"predecessor-version":[{"id":821,"href":"https:\/\/www.antiquariat-fritzen.com\/de\/wp-json\/wp\/v2\/pages\/46\/revisions\/821"}],"wp:attachment":[{"href":"https:\/\/www.antiquariat-fritzen.com\/de\/wp-json\/wp\/v2\/media?parent=46"}],"curies":[{"name":"wp","href":"https:\/\/api.w.org\/{rel}","templated":true}]}}

<p>[et_pb_section fb_built=&#8220;1&#8243; admin_label=&#8220;section&#8220; _builder_version=&#8220;4.16&#8243; global_colors_info=&#8220;{}&#8220;][et_pb_row admin_label=&#8220;row&#8220; _builder_version=&#8220;4.16&#8243; background_size=&#8220;initial&#8220; background_position=&#8220;top_left&#8220; background_repeat=&#8220;repeat&#8220; global_colors_info=&#8220;{}&#8220;][et_pb_column type=&#8220;4_4&#8243; _builder_version=&#8220;4.16&#8243; custom_padding=&#8220;|||&#8220; global_colors_info=&#8220;{}&#8220; custom_padding__hover=&#8220;|||&#8220;][et_pb_text admin_label=&#8220;Text: (H1) Kataloge und Messen&#8220; _builder_version=&#8220;4.24.0&#8243; background_size=&#8220;initial&#8220; background_position=&#8220;top_left&#8220; background_repeat=&#8220;repeat&#8220; text_orientation=&#8220;center&#8220; module_alignment=&#8220;center&#8220; use_border_color=&#8220;off&#8220; border_color=&#8220;#ffffff&#8220; border_style=&#8220;solid&#8220; global_colors_info=&#8220;{}&#8220;]</p>
<h1>Kataloge und Messen</h1>
<p>[/et_pb_text][/et_pb_column][/et_pb_row][et_pb_row column_structure=&#8220;1_2,1_2&#8243; admin_label=&#8220;Zeile&#8220; _builder_version=&#8220;4.16&#8243; background_size=&#8220;initial&#8220; background_position=&#8220;top_left&#8220; background_repeat=&#8220;repeat&#8220; global_colors_info=&#8220;{}&#8220;][et_pb_column type=&#8220;1_2&#8243; _builder_version=&#8220;4.16&#8243; custom_padding=&#8220;|||&#8220; global_colors_info=&#8220;{}&#8220; custom_padding__hover=&#8220;|||&#8220;][et_pb_image src=&#8220;https://www.antiquariat-fritzen.com/de/wp-content/uploads/antiquariat-fritzen_kataloge-und-messen.jpg&#8220; alt=&#8220;Antiquariat Fritzen &#8211; Kataloge und Messen&#8220; title_text=&#8220;Antiquariat Fritzen &#8211; Kataloge und Messen&#8220; show_in_lightbox=&#8220;on&#8220; align_tablet=&#8220;center&#8220; align_phone=&#8220;center&#8220; align_last_edited=&#8220;on|desktop&#8220; admin_label=&#8220;Bild: Katalog &#038; Messen&#8220; _builder_version=&#8220;4.24.0&#8243; animation_style=&#8220;slide&#8220; animation_direction=&#8220;left&#8220; animation_duration=&#8220;500ms&#8220; animation_intensity_slide=&#8220;10%&#8220; use_border_color=&#8220;off&#8220; border_color=&#8220;#ffffff&#8220; border_style=&#8220;solid&#8220; animation=&#8220;left&#8220; sticky=&#8220;off&#8220; always_center_on_mobile=&#8220;on&#8220; global_colors_info=&#8220;{}&#8220;][/et_pb_image][/et_pb_column][et_pb_column type=&#8220;1_2&#8243; _builder_version=&#8220;4.16&#8243; custom_padding=&#8220;|||&#8220; global_colors_info=&#8220;{}&#8220; custom_padding__hover=&#8220;|||&#8220;][et_pb_text admin_label=&#8220;Text: Kataloge und Messen&#8220; _builder_version=&#8220;4.24.0&#8243; background_size=&#8220;initial&#8220; background_position=&#8220;top_left&#8220; background_repeat=&#8220;repeat&#8220; use_border_color=&#8220;off&#8220; border_color=&#8220;#ffffff&#8220; border_style=&#8220;solid&#8220; global_colors_info=&#8220;{}&#8220;]</p>
<p>Eine Auswahl meines Bestandes finden Sie auf <a href="https://www.abebooks.de/antiquariat-peter-fritzen-trier/53219699/sf" target="_blank" rel="noopener">Abebooks.com</a></p>
<p>Neueingänge werden nicht zuerst im Internet angeboten, sondern werden den Kunden als Vorzugsangebote in Katalogform präsentiert.</p>
<p>Falls Sie diese erhalten möchten, lassen Sie mir bitte eine <a href="mailto:antiquariat-fritzen@t-online.de">mail</a> zukommen.</p>
<p>[/et_pb_text][/et_pb_column][/et_pb_row][et_pb_row admin_label=&#8220;Zeile&#8220; _builder_version=&#8220;4.16&#8243; background_size=&#8220;initial&#8220; background_position=&#8220;top_left&#8220; background_repeat=&#8220;repeat&#8220; global_colors_info=&#8220;{}&#8220;][et_pb_column type=&#8220;4_4&#8243; _builder_version=&#8220;4.16&#8243; custom_padding=&#8220;|||&#8220; global_colors_info=&#8220;{}&#8220; custom_padding__hover=&#8220;|||&#8220;][et_pb_text admin_label=&#8220;Text: Im Regelfall stellen wir auf der Antiquariatsmesse in Stuttgart, sowie auf der Kunst- und Antiquitätenmesse in Luxemburg aus.&#8220; _builder_version=&#8220;4.24.0&#8243; background_size=&#8220;initial&#8220; background_position=&#8220;top_left&#8220; background_repeat=&#8220;repeat&#8220; use_border_color=&#8220;off&#8220; border_color=&#8220;#ffffff&#8220; border_style=&#8220;solid&#8220; global_colors_info=&#8220;{}&#8220;]Im Regelfall stellen wir auf der Antiquariatsmesse in Stuttgart, sowie auf der Kunst- und Antiquitätenmesse in Luxemburg aus.[/et_pb_text][et_pb_gallery gallery_ids=&#8220;778,779,780,781,782,783,784,785,786,787,788,789,790&#8243; posts_number=&#8220;13&#8243; show_title_and_caption=&#8220;off&#8220; show_pagination=&#8220;off&#8220; admin_label=&#8220;Galerie: Kataloge und Messen&#8220; _builder_version=&#8220;4.24.0&#8243; use_border_color=&#8220;off&#8220; border_color=&#8220;#ffffff&#8220; border_style=&#8220;solid&#8220; global_colors_info=&#8220;{}&#8220;][/et_pb_gallery][/et_pb_column][/et_pb_row][/et_pb_section]</p>

<p>Kataloge und Messen Eine Auswahl meines Bestandes finden Sie auf Abebooks.com Neueingänge werden nicht zuerst im Internet angeboten, sondern werden den Kunden als Vorzugsangebote in Katalogform präsentiert. Falls Sie diese erhalten möchten, lassen Sie mir bitte eine mail zukommen.Im Regelfall stellen wir auf der Antiquariatsmesse in Stuttgart, sowie auf der Kunst- und Antiquitätenmesse in Luxemburg [&hellip;]</p>

<!-- This site is optimized with the Yoast SEO plugin v27.4 - https://yoast.com/product/yoast-seo-wordpress/ -->
<title>Kataloge und Messen - Peter Fritzen</title>
<meta name="robots" content="index, follow, max-snippet:-1, max-image-preview:large, max-video-preview:-1" />
<link rel="canonical" href="https://www.antiquariat-fritzen.com/de/kataloge-und-messen/" />
<meta property="og:locale" content="de_DE" />
<meta property="og:type" content="article" />
<meta property="og:title" content="Kataloge und Messen - Peter Fritzen" />
<meta property="og:description" content="Kataloge und Messen Eine Auswahl meines Bestandes finden Sie auf Abebooks.com Neueingänge werden nicht zuerst im Internet angeboten, sondern werden den Kunden als Vorzugsangebote in Katalogform präsentiert. Falls Sie diese erhalten möchten, lassen Sie mir bitte eine mail zukommen.Im Regelfall stellen wir auf der Antiquariatsmesse in Stuttgart, sowie auf der Kunst- und Antiquitätenmesse in Luxemburg [&hellip;]" />
<meta property="og:url" content="https://www.antiquariat-fritzen.com/de/kataloge-und-messen/" />
<meta property="og:site_name" content="Peter Fritzen" />
<meta property="article:modified_time" content="2024-03-05T18:47:03+00:00" />
<meta name="twitter:card" content="summary_large_image" />
<meta name="twitter:label1" content="Geschätzte Lesezeit" />
	<meta name="twitter:data1" content="4 Minuten" />
<script type="application/ld+json" class="yoast-schema-graph">{"@context":"https:\/\/schema.org","@graph":[{"@type":"WebPage","@id":"https:\/\/www.antiquariat-fritzen.com\/de\/kataloge-und-messen\/","url":"https:\/\/www.antiquariat-fritzen.com\/de\/kataloge-und-messen\/","name":"Kataloge und Messen - Peter Fritzen","isPartOf":{"@id":"https:\/\/www.antiquariat-fritzen.com\/de\/#website"},"datePublished":"2016-08-31T17:31:29+00:00","dateModified":"2024-03-05T18:47:03+00:00","breadcrumb":{"@id":"https:\/\/www.antiquariat-fritzen.com\/de\/kataloge-und-messen\/#breadcrumb"},"inLanguage":"de","potentialAction":[{"@type":"ReadAction","target":["https:\/\/www.antiquariat-fritzen.com\/de\/kataloge-und-messen\/"]}]},{"@type":"BreadcrumbList","@id":"https:\/\/www.antiquariat-fritzen.com\/de\/kataloge-und-messen\/#breadcrumb","itemListElement":[{"@type":"ListItem","position":1,"name":"Startseite","item":"https:\/\/www.antiquariat-fritzen.com\/de\/"},{"@type":"ListItem","position":2,"name":"Kataloge und Messen"}]},{"@type":"WebSite","@id":"https:\/\/www.antiquariat-fritzen.com\/de\/#website","url":"https:\/\/www.antiquariat-fritzen.com\/de\/","name":"Peter Fritzen","description":"Antiquariat","potentialAction":[{"@type":"SearchAction","target":{"@type":"EntryPoint","urlTemplate":"https:\/\/www.antiquariat-fritzen.com\/de\/?s={search_term_string}"},"query-input":{"@type":"PropertyValueSpecification","valueRequired":true,"valueName":"search_term_string"}}],"inLanguage":"de"}]}</script>
<!-- / Yoast SEO plugin. -->

Kataloge und Messen Eine Auswahl meines Bestandes finden Sie auf Abebooks.com Neueingänge werden nicht zuerst im Internet angeboten, sondern werden den Kunden als Vorzugsangebote in Katalogform präsentiert. Falls Sie diese erhalten möchten, lassen Sie mir bitte eine mail zukommen.Im Regelfall stellen wir auf der Antiquariatsmesse in Stuttgart, sowie auf der Kunst- und Antiquitätenmesse in Luxemburg [&hellip;]
